o(c) = 19*c - 760. Let j be o(68). Calculate the highest common divisor of 76 and j.
76
Suppose -3*l + 7*l - 108 = 0. Suppose 0*d + d - 11 = 0. Suppose -8*i + d*i = 54. Calculate the greatest common divisor of l and i.
9
Suppose -p - 6 = -21. Suppose 35 = 12*a - 25. Suppose -a*j = -0*f + 4*f - 39, -2*f + 3 = -3*j. What is the greatest common factor of p and f?
3
Let i = 91 - -38. Suppose -4*u = -i - 223. Calculate the highest common factor of u and 8.
8
Let a = 371 - 335. Calculate the greatest common factor of 234 and a.
18
Let h = -51 + 117. Calculate the greatest common factor of h and 11.
11
Let x(p) = -p + 12. Let g be x(11). Let f be (g - 0) + 15 - -2 - -2. What is the greatest common divisor of 180 and f?
20
Let k be (20/10)/(6/(-10) + 1). Suppose -4*i + k*a + 85 = i, i = -3*a + 9. What is the greatest common factor of 5 and i?
5
Let z(w) = 4*w + 2. Let r be z(18). What is the greatest common factor of 111 and r?
37
Let i be 17/((-102)/(-52))*3. Let h = 23 - -55. Calculate the greatest common factor of i and h.
26
Suppose -452 = -8*t + 164. Let l = 20 + -9. Calculate the highest common factor of t and l.
11
Let f(t) = t**2 + 3*t + 2. Let c be f(-3). Let r(u) = 53*u + 2. Let d be r(c). Suppose 4*m = -12 + d. Calculate the highest common factor of 36 and m.
12
Suppose 2*z - 5*d + 28 = 0, -3*z = -3*d - d + 28. Let t be 13 + 1 + z + (-10)/(-2). What is the greatest common factor of t and 60?
15
Let i = -178 + 258. Let z = i + -45. What is the greatest common factor of z and 280?
35
Let i(n) = -n**2 - 9*n - 4. Let v be i(-8). Let j be -11 + 344 - -2*(-6)/v. Calculate the highest common factor of 30 and j.
30
Suppose -5*v + 63*t - 57*t = -1329, 5*v - t - 1309 = 0. Let y be 118/4 - 1/2. What is the greatest common divisor of v and y?
29
Let b(n) = n**2 + 5*n - 10. Let x be b(-7). Suppose 12 - x = 4*g. Suppose -12 = -g*p - 4*k, -25 = -p - 2*p + k. Calculate the greatest common factor of 4 and p.
4
Let n = -3 + 4. Suppose 67*g = 559 + 44. Calculate the greatest common divisor of n and g.
1
Let v be (-4)/(-50) + 77736/2050. Calculate the highest common divisor of 418 and v.
38
Let z = 7203 + -4194. What is the highest common divisor of z and 17?
17
Suppose 0*j - 5*j = -495. Suppose -15*s + 12*s = -j. Calculate the greatest common factor of 3 and s.
3
Let u(w) be the second derivative of w - 13/12*w**4 + 7*w**2 - 1/20*w**5 + 0 + 7/6*w**3. Let n be u(-14). Calculate the greatest common divisor of n and 14.
14
Suppose -3 = -9*q + 42. Let r be (-55)/(-5)*(-3 + q). What is the greatest common factor of r and 2?
2
Suppose -12845 - 11410 = -35*u. What is the greatest common factor of u and 9?
9
Let o = -65 - -84. What is the greatest common divisor of o and 3?
1
Suppose 60 = -4*r - 0*o - 2*o, 3*r + 4*o = -55. Let n = -12 - r. Calculate the greatest common factor of 1 and n.
1
Let n = -33 - -48. Suppose 0*t - 64 = 2*r + 5*t, -2*r + 4*t - 100 = 0. Let a be (36/r)/((-2)/70). Calculate the highest common factor of n and a.
15
Let g(v) = v + 7. Let s be g(-8). Let b be -12*(s - 2/(-4)). Let q be 84/15 + b/15. Calculate the highest common divisor of q and 54.
6
Suppose -2*p + 12*p = 1400. Suppose -h + p = h. What is the highest common divisor of 42 and h?
14
Suppose -10*z + 5*z - g = 1440, 5*g = 25. Let o = z + 432. What is the greatest common divisor of 11 and o?
11
Suppose 0*j = j. Let t(r) = -1. Let v(y) = y**3 - y**2 - y + 5. Let q(k) = -3*t(k) + v(k). Let i be q(j). Calculate the highest common divisor of 1 and i.
1
Suppose -22*m - 273 + 3441 = 0. Let q = -59 + 77. What is the greatest common divisor of q and m?
18
Suppose 0*b - 231 = -b. Let v(x) = 4*x**2 - x + 9*x + 10 + 6 - 15. Let u be v(-4). What is the greatest common factor of u and b?
33
Let z be ((-14)/4)/((-11)/198). Let i = -7 - -40. Suppose -69 = -4*m - 5*g, -4*g - i = -m - 0*g. Calculate the highest common divisor of m and z.
21
Suppose 2*c + 14*d = 16*d + 96, 0 = -c + 4*d + 45. Calculate the greatest common factor of c and 441.
49
Let b be ((-11)/(-3))/(9/(-54)). Let f = -9 - b. Suppose 25 = 5*s, -f = -0*y - 2*y + 3*s. Calculate the greatest common factor of y and 98.
14
Let l = 5400 - 5316. Let k = -23 - -47. What is the greatest common factor of k and l?
12
Let o(d) = -2*d**3 - 23*d**2 + 37*d - 14. Let l be o(-13). Let i(b) = 13*b - 1. Let n be i(1). What is the greatest common divisor of n and l?
12
Suppose -2*w + 4*o - 327 + 1979 = 0, 5*w - 4169 = -3*o. What is the greatest common divisor of 13 and w?
13
Let a be (72/(-20))/(-2 - 88/(-45)). Let i = -33 + a. Calculate the greatest common divisor of 12 and i.
12
Let w(c) = -c**2 - 8*c - 7. Let y be w(-2). Let n be ((-20)/6 - -3)*-51. Suppose -k - y = -n. Calculate the greatest common factor of 30 and k.
6
Let z = 667 - 443. Calculate the highest common divisor of 14 and z.
14
Let k(x) = -2*x**3 - x**2 + 2. Let d be k(0). Suppose 3*m - 38 = d*u, 5*u = -13*m + 10*m + 10. What is the highest common divisor of m and 10?
10
Suppose 0*s = 5*s + 2*y - 54, -y + 42 = 4*s. What is the highest common factor of s and 20?
10
Let x be 0/2 - ((-16)/2 + 4). Suppose x*q = -2*q + 54. Calculate the greatest common factor of q and 3.
3
Suppose -14 = -2*b + 2*u, b + 3*u + 21 = 8. Suppose 3*i + v = 13, 0 = -5*i - b*v - 11 + 33. Calculate the greatest common factor of i and 16.
4
Let t be 91 + (0 - -1) + (0 - 3). Suppose z - 93 = t. What is the greatest common factor of z and 26?
26
Suppose 2*s - 3 = 13. Let r(b) = 2*b + 0*b - 8*b + 8*b**2 + 4*b + b**3 + s. Let y be r(-8). What is the greatest common divisor of 24 and y?
24
Let w(d) = d**3 + 28. Let j be w(0). Let z(u) = -4*u - 25. Let m be z(-8). Calculate the greatest common divisor of m and j.
7
Let b(o) = o**3 - o**2 - 5*o + 3. Let r be b(3). Let h be ((-3)/r)/((0 + 1)/(-60)). What is the greatest common factor of 5 and h?
5
Suppose 5*l = 2*n - 78, 0 = -16*n + 12*n - 4*l + 212. Calculate the highest common factor of n and 35.
7
Let t(c) = -2*c - 1. Let h be t(-3). Let q = 39 + h. Let m be -3 + 7/2*4. Calculate the greatest common divisor of q and m.
11
Suppose 3*d = -10*a + 15*a - 15575, 12438 = 4*a + 2*d. What is the greatest common factor of 8 and a?
8
Let p = 5 + -21. Let s = p + 19. Suppose -27 = -c - 2*c - 5*q, s*c - 6 = 2*q. What is the greatest common factor of 6 and c?
2
Suppose -4*l + 368 = -48. Let v be (l/12)/((-10)/(-15)). Calculate the greatest common factor of v and 26.
13
Let p(u) = 3*u + 12. Let b be p(-6). Let r be b/((-36)/165)*2. Calculate the greatest common divisor of 22 and r.
11
Suppose 0 = -6*s + 8*s - 68. Let d be (s/8 - 3)*36. Calculate the greatest common divisor of d and 15.
15
Suppose 81*y = 72*y + 81. Let m be (2 - -34)*(-2)/(-4). Calculate the highest common divisor of y and m.
9
Suppose -5*m + 40 = -n, 2*m - 19 = -5*n + 24. Let y be ((-10)/6 - 2)*(m - 21). Suppose -5 = 3*t - 17. Calculate the greatest common divisor of y and t.
4
Let w(v) = 27*v + 4. Suppose -2*m + 5 + 1 = 0. Let k be w(m). Suppose i + k = 6*i. Calculate the highest common divisor of 34 and i.
17
Let d(m) = m**3 + 6*m**2 + 8. Let y = -27 - -23. Let t be d(y). What is the highest common factor of t and 280?
40
Let h be (2*(-12 - -6))/(2/(-3)). What is the highest common divisor of 126 and h?
18
Suppose 4*p - 100 = -5*j, 0 = -3*p - 2*j + 87 - 5. What is the highest common divisor of p and 24?
6
Suppose 2*m = -5*d + 28, -m = 4*d + 52 - 75. Suppose -i + 5*p - 2*p - 3 = 0, 20 = 5*p. Calculate the highest common divisor of i and d.
3
Let z be 7/3 - (-4)/6. Suppose -31 - 9 = 4*s. Let k(g) = -g**3 - 9*g**2 + 10*g + 3. Let o be k(s). Calculate the highest common divisor of o and z.
3
Suppose -3*m - 35 = -5*c, -2*m + 8 = -2. Suppose -j + 26 = 3*v, -5*v = 5*j + c - 60. Suppose -192 = 7*u - 15*u. What is the highest common divisor of v and u?
8
Suppose -4*b = -4*h - 1080, -2*b - 5*h + 861 = 300. What is the highest common divisor of b and 728?
91
Let t(d) = -68*d - 60. Let m be t(-1). Calculate the highest common divisor of m and 8.
8
Let l(b) be the third derivative of 1/5*b**5 + 0*b + 0 - 9*b**2 - 4/3*b**3 + 1/24*b**4. Let p be l(-4). Calculate the greatest common factor of p and 36.
36
Let c = 63 - 56. Let i be ((-18)/21)/(c/(-98)). Calculate the greatest common factor of 48 and i.
12
Suppose 2*w = -2*w + 12. Sup